 the prime factors of 3 - ((-20)/6)/(g/69)?
2, 59
Suppose -13*p = -12*p - 50. Suppose -p*f = -42*f - 4320. What are the prime factors of f?
2, 3, 5
Let s be (-144)/480 + 46/20. Suppose -s*r + 7*r - 1336 = -2*c, -2*c + 1330 = 2*r. What are the prime factors of c?
3, 13, 17
Let h be (196/(-32) + 2/16)*-8. Let q = h + 408. List the prime factors of q.
2, 3, 19
Suppose 6*a = 2*a + 3*u + 44095, -2 = 2*u. What are the prime factors of a?
73, 151
Let r(m) be the first derivative of 13*m**3/3 - 11*m**2/2 + 10*m + 17. List the prime factors of r(-4).
2, 131
Suppose 0 = -79*b + 1253439 + 2275096. What are the prime factors of b?
5, 8933
Let q be (0*3/(-3))/(-2). Suppose 250 = a + 5*w, -4*a + 955 = -q*w + 5*w. What are the prime factors of a?
5, 47
Let h(f) = 29*f**2 + 5*f. Let t be h(5). Suppose 3*m - 5*r = -2*m + t, -4*m = r - 600. Let w = -68 + m. List the prime factors of w.
2, 41
Let s(z) = 42*z + 25. Let x be s(18). Suppose -2*m + m = -x. List the prime factors of m.
11, 71
Suppose 3*l - l = 0. Suppose 4*t - 2*i = -l*i - 12, -3*t = i - 1. List the prime factors of (t - -9) + (1 - 3).
2, 3
Let j(x) = 69 + 116 + 133 - 51 + 2*x - 4*x. List the prime factors of j(40).
11, 17
Suppose -z = 9*v - 14*v - 6108, 5*z - 30459 = -2*v. What are the prime factors of z?
3, 677
Let l be (-21)/(-5 - (-11 - -5)). Let a be (-2)/7 + (-153)/l. Suppose -a*m = -124 - 940. What are the prime factors of m?
2, 19
Let m(c) = 2*c**2 - 30*c + 9. Let b be m(15). Suppose b*o + u + 195 = 11*o, 0 = -5*u - 25. What are the prime factors of o?
5, 19
Suppose -48*q = -23822 + 3134. List the prime factors of q.
431
Let y(a) be the third derivative of -3*a**6/40 + a**5/20 - a**4/3 - 3*a**3/2 - 29*a**2. What are the prime factors of y(-5)?
1231
Suppose -4*x = -3*s - 22604, 0 = 3*x + 15*s - 16*s - 16948. List the prime factors of x.
2, 353
Let b(r) = 10*r + 16*r**2 - 22 - 18 + r**3 + 15*r**2. List the prime factors of b(-30).
2, 5, 7
Let m(c) = c**3 - 7*c**2 + 10*c + 2. Let z be m(5). Suppose -6*x - 2 = -z. Suppose x = -2*j + 60 - 20. What are the prime factors of j?
2, 5
Suppose -847 = 3*p + 437. Let n = 106 - p. List the prime factors of n.
2, 3, 89
Suppose -5*k + 19 = 19. Suppose k = -3*i - 5*i - 24. What are the prime factors of (7/i)/(10/(-690))?
7, 23
Let h(n) be the second derivative of n**4/12 - 5*n**3/6 - 28*n**2 - 44*n. What are the prime factors of h(-6)?
2, 5
Let b = 4271 + -2501. What are the prime factors of b?
2, 3, 5, 59
Suppose 3*a - 13*l + 9*l = 82286, -l = a - 27445. What are the prime factors of a?
2, 3, 17, 269
Let i = -319 + 109. What are the prime factors of (i/45)/(4/(-462))?
7, 11
Suppose -7*y + 3*y = -12. Suppose -3*i + 822 = -y*k, -1 = -k - 5. Suppose s - 11*s + i = 0. List the prime factors of s.
3
Suppose 13890 = v + 111*f - 115*f, -2 = f. What are the prime factors of v?
2, 11, 631
Let u = 948 - 643. Suppose 4*g - 4*n - 1196 = 0, -g - 3*n = -2*g + u. What are the prime factors of (g/(-6))/((-10)/45)?
2, 3, 37
Let g = 75 + -69. Let w(m) = 3*m**2 - 5*m**2 + 0*m**2 + 4*m**2 - g*m**3. List the prime factors of w(-3).
2, 3, 5
Let u = 83 + -46. Let j(x) = -2*x**2 + 54*x - 212. Let h be j(4). Let i = u + h. List the prime factors of i.
3
Suppose -17*h + 6682 = -1512. Let p = -1 + h. List the prime factors of p.
13, 37
Let f = -32983 + 48683. List the prime factors of f.
2, 5, 157
Suppose -42*b - 6316 = -38*b. Let d = -759 - b. What are the prime factors of d?
2, 5, 41
Let d(m) = m**3 - 8*m**2 + 15*m - 64. Let c be d(7). What are the prime factors of ((-8104)/(-32))/((-2)/c)?
1013
Let f be ((-10)/2 - -1) + 9. Suppose -f*d = -2*v + 165, 3*v - 4*v = -2*d - 81. What are the prime factors of v?
3, 5
What are the prime factors of 10807 - (2/(-16) - (-7 + 721/56))?
11, 983
Let t(d) = 9*d - 13. Suppose -11 - 17 = -2*i. What are the prime factors of t(i)?
113
Let s = -11312 - -30360. What are the prime factors of s?
2, 2381
Let r(u) = 4*u - 14. Let i be r(-9). Let v = i - -17. Let k = 122 + v. What are the prime factors of k?
89
Suppose 97*d + 868 = 95*d. Let k = -117 - d. What are the prime factors of k?
317
Let b(x) be the third derivative of x**6/120 - x**5/60 + x**4/4 + 1181*x**3/6 + 6*x**2 + 4*x. What are the prime factors of b(0)?
1181
Let w = -248 - -250. Suppose -4*b + 644 = w*j, 5*b = 9*j - 14*j + 815. List the prime factors of b.
3, 53
Let t(q) = -q**3 - 8*q**2 + 19*q - 24. Let r be t(-10). Let d be 2002/(-98) - 6/r. What are the prime factors of (d/3)/(1/(-6))?
2, 5
Let b = -1214 - -1853. Suppose -u + b = -571. List the prime factors of u.
2, 5, 11
Let x(t) = 4964*t + 3637. What are the prime factors of x(4)?
3, 41, 191
Let h be (-157550)/(-125) + (-4)/10. Suppose 20*w = h + 3560. What are the prime factors of w?
241
Let h = -30525 + 60954. List the prime factors of h.
3, 7, 23
Suppose 0 = 4*u - k - 13, 2*u - k = -3*u + 16. Suppose -4*f - 3*s = -1856 - 865, u*s + 699 = f. List the prime factors of f.
2, 3, 19
Let j(m) = -m**2 + 8*m + 3. Let r be j(7). What are the prime factors of 2/9*(r - 52)*-6?
2, 7
Suppose 2*t - 5*q = -3*q + 6, -2*t + 3*q + 11 = 0. Let a be (-11 + -2)*15/(1 - t). What are the prime factors of 15*17 - a/(-13)?
2, 5
Let i = 28291 + -14293. What are the prime factors of i?
2, 3, 2333
Let j(h) = 4*h - 5. Let s be j(2). Let a(i) = i + i**s + 2*i**2 + 17*i**2 - 2 - 5*i - i. List the prime factors of a(-19).
3, 31
Let u(t) = -79*t + 7. Let q be u(-5). Suppose 654 + q = 3*f. List the prime factors of f/12 + (-4)/(-6).
2, 3, 5
Suppose -19 = 3*l + 23. Let x be l/(3 - 1)*8/(-14). Suppose 45 = -q + x*q. List the prime factors of q.
3, 5
Let r = 6687 + 45329. What are the prime factors of r?
2, 3251
Let r be (4/(-28))/(8/(-48104)). Suppose -3*t + 288 = k, 3*k + 10*t = 6*t + r. What are the prime factors of k?
3, 5, 19
Suppose -5*c = 106*v - 105*v - 10673, 2*v - 5*c = 21361. What are the prime factors of v?
2, 19, 281
Let n = -32991 + 46544. List the prime factors of n.
13553
Suppose j + 20 = 27. Let z(h) = 7*h**2 - h + 33. Let x(t) = -8*t**2 + t - 32. Let l(b) = j*z(b) + 6*x(b). List the prime factors of l(0).
3, 13
Let l(q) = 3*q**2 - 52*q - 6. Let w be l(19). Let a = 120 - w. List the prime factors of a.
31
Let r = 231206 - 162326. What are the prime factors of r?
2, 3, 5, 7, 41
Suppose 186595 = 100*r - 112573 + 94968. What are the prime factors of r?
2, 1021
Let d be (-3)/(-12)*(-4 - -16). Suppose w + 3*w - 1400 = -4*i, -d*w - 1068 = -3*i. What are the prime factors of i?
353
Suppose 50584 = -48*q + 1711333 - 276957. What are the prime factors of q?
127, 227
Let m(a) = 166 - 127*a + 137*a + 13. List the prime factors of m(33).
509
Let t(a) = -2008*a - 12383. What are the prime factors of t(-25)?
13, 2909
Let q be 24/(-16) - 0 - 33/(-6). Suppose -x - x + 2772 = 5*v, -q*v - 5600 = -4*x. List the prime factors of x.
2, 349
Let h be -25 + 7/14*8. List the prime factors of (3297/9 + (-14)/h)/1.
367
Suppose 2*c = 82 - 76. Suppose c*u = -27*u + 360. What are the prime factors of u?
2, 3
Suppose 5*q + 6*c - 3*c - 32479 = 0, 2*c = 6. List the prime factors of q.
2, 17, 191
Let c = 1054 + -514. Let j = 68 + c. List the prime factors of j.
2, 19
Let m(x) = -15*x**3 + 6*x**2 + 27*x - 26. What are the prime factors of m(-10)?
2, 1913
Suppose -2*z + 427 = s - 25380, 3*z + 77403 = 3*s. List the prime factors of s.
3, 47, 61
Let f(k) = -16*k**3 - 10*k**2 - 21*k + 14. List the prime factors of f(-6).
2, 809
Suppose -2*h + 3190 = -3632. Suppose 2*c - 6 + 0 = 0, 4*r - h = 3*c. List the prime factors of r.
3, 5, 19
Suppose 26919 = 26*j - 132383. What are the prime factors of j?
11, 557
Let z be (21372/(-130))/((-4)/10). Let v = z + -215. What are the prime factors of v?
2, 7
Suppose 0 = 207*b - 100*b - 92*b - 3435. What are the prime factors of b?
229
Let r = -16 - -24. Suppose -r*n + n = -2758. List the prime factors of n.
2, 197
Suppose -69*w + h = -73*w + 65145, -5*w - 2*h = -81429. List the prime factors of w.
3, 61, 89
Suppose -112*q + 3760573 - 2425849 = -3244844. List the prime factors of q.
31, 1319
Let q be (-18)/12*(-78)/9. Let w(t) = -t**3 + 12*t**2 + 13*t + 2. Let k be w(q). Suppose k*d - 48 = -10. List the prime factors of d.
19
Let c be (0/(-4))/(-4 + -2 + 5). Suppose -2*k - 6 = c, x - 3*k + 222 = -145. Let h = -176 - x. What are the prime factors of h?
2